.
29
What is the remainder when 128 is divided by 20?
8
Calculate the remainder when 17249 is divided by 23.
22
Calculate the remainder when 4995 is divided by 34.
31
Calculate the remainder when 5701 is divided by 92.
89
Calculate the remainder when 2361 is divided by 76.
5
Calculate the remainder when 499 is divided by 130.
109
What is the remainder when 75 is divided by 57?
18
What is the remainder when 561 is divided by 77?
22
What is the remainder when 2035 is divided by 25?
10
Calculate the remainder when 885 is divided by 74.
71
Calculate the remainder when 141 is divided by 13.
11
Calculate the remainder when 1157 is divided by 235.
217
What is the remainder when 632 is divided by 64?
56
Calculate the remainder when 925 is divided by 306.
7
What is the remainder when 2516 is divided by 13?
7
What is the remainder when 232 is divided by 6?
4
Calculate the remainder when 446 is divided by 75.
71
What is the remainder when 4232 is divided by 163?
157
What is the remainder when 103 is divided by 58?
45
Calculate the remainder when 265 is divided by 237.
28
Calculate the remainder when 431 is divided by 91.
67
What is the remainder when 251 is divided by 17?
13
What is the remainder when 50 is divided by 11?
6
What is the remainder when 69 is divided by 22?
3
Calculate the remainder when 711 is divided by 11.
7
What is the remainder when 45 is divided by 11?
1
What is the remainder when 83 is divided by 40?
3
Calculate the remainder when 461 is divided by 395.
66
What is the remainder when 1974 is divided by 86?
82
Calculate the remainder when 30 is divided by 16.
14
What is the remainder when 1001 is divided by 6?
5
What is the remainder when 9266 is divided by 30?
26
Calculate the remainder when 77 is divided by 25.
2
Calculate the remainder when 116 is divided by 29.
0
Calculate the remainder when 632 is divided by 612.
20
Calculate the remainder when 611 is divided by 78.
65
Calculate the remainder when 477 is divided by 60.
57
Calculate the remainder when 493 is divided by 26.
25
What is the remainder when 65 is divided by 21?
2
What is the remainder when 78 is divided by 2?
0
Calculate the remainder when 3374 is divided by 52.
46
What is the remainder when 507 is divided by 32?
27
Calculate the remainder when 183 is divided by 90.
3
What is the remainder when 112 is divided by 25?
12
Calculate the remainder when 83 is divided by 8.
3
Calculate the remainder when 6957 is divided by 8.
5
What is the remainder when 657 is divided by 168?
153
What is the remainder when 46 is divided by 19?
8
What is the remainder when 345 is divided by 43?
1
What is the remainder when 90 is divided by 88?
2
What is the remainder when 7664 is divided by 18?
14
What is the remainder when 81 is divided by 41?
40
Calculate the remainder when 7973 is divided by 55.
53
Calculate the remainder when 13922 is divided by 39.
38
What is the remainder when 1661 is divided by 14?
9
Calculate the remainder when 341 is divided by 152.
37
What is the remainder when 51 is divided by 26?
25
Calculate the remainder when 143 is divided by 34.
7
Calculate the remainder when 419 is divided by 67.
17
What is the remainder when 801 is divided by 114?
3
Calculate the remainder when 580 is divided by 83.
82
Calculate the remainder when 165 is divided by 56.
53
What is the remainder when 70 is divided by 13?
5
What is the remainder when 2393 is divided by 16?
9
What is the remainder when 1155 is divided by 143?
11
What is the remainder when 4486 is divided by 11?
9
What is the remainder when 507 is divided by 64?
59
Calculate the remainder when 203 is divided by 23.
19
What is the remainder when 72 is divided by 39?
33
Calculate the remainder when 222 is divided by 25.
22
Calculate the remainder when 129 is divided by 19.
15
What is the remainder when 1000 is divided by 201?
196
What is the remainder when 3037 is divided by 190?
187
What is the remainder when 226 is divided by 61?
43
Calculate the remainder when 564 is divided by 16.
4
What is the remainder when 2452 is divided by 2451?
1
Calculate the remainder when 43 is divided by 22.
21
Calculate the remainder when 13912 is divided by 4.
0
Calculate the remainder when 188 is divided by 64.
60
What is the remainder when 91 is divided by 40?
11
What is the remainder when 635 is divided by 207?
14
What is the remainder when 634 is divided by 28?
18
What is the remainder when 1765 is divided by 34?
31
What is the remainder when 446 is divided by 35?
26
Calculate the remainder when 240 is divided by 61.
57
What is the remainder when 9955 is divided by 23?
19
Calculate the remainder when 4659 is divided by 79.
77
Calculate the remainder when 115 is divided by 49.
17
What is the remainder when 426 is divided by 13?
10
What is the remainder when 1821 is divided by 607?
0
Calculate the remainder when 2188 is divided by 146.
144
Calculate the remainder when 77 is divided by 42.
35
Calculate the remainder when 2634 is divided by 132.
126
Calculate the remainder when 222 is divided by 38.
32
Calculate the remainder when 633 is divided by 85.
38
What is the remainder when 46 is divided by 8?
6
Calculate the remainder when 1173 is divided by 235.
233
What is the remainder when 213 is divided by 12?
9
Calculate the remainder when 130 is divided by 36.
22
Calculate the remainder when 2882 is divided by 103.
101
What is the remainder when 165 is divided by 42?
39
What is the remainder when 158 is divided by 148?
10
What is the remainder when 46 is divided by 31?
15
Calculate the remainder when 740 is divided by 241.
17
Calculate the remainder when 310 is divided by 78.
76
What is the remainder when 837 is divided by 205?
17
Calculate the remainder when 154 is divided by 83.
71
Calculate the remainder when 529 is divided by 59.
57
Calculate the remainder when 299 is divided by 58.
9
Calculate the remainder when 453 is divided by 28.
5
Calculate the remainder when 868 is divided by 65.
23
Calculate the remainder when 84 is divided by 54.
30
What is the remainder when 2663 is divided by 442?
11
Calculate the remainder when 109 is divided by 89.
20
Calculate the remainder when 106 is divided by 8.
2
Calculate the remainder when 2730 is divided by 83.
74
Calculate the remainder when 45 is divided by 23.
22
What is the remainder when 55 is divided by 19?
17
Calculate the remainder when 1163 is divided by 45.
38
Calculate the remainder when 2039 is divided by 6.
5
Calculate the remainder when 173 is divided by 24.
5
What is the remainder when 63 is divided by 20?
3
What is the remainder when 444 is divided by 159?
126
Calculate the remainder when 196 is divided by 39.
1
What is the remainder when 2018 is divided by 15?
8
What is the remainder when 1060 is divided by 62?
6
What is the remainder when 2636 is divided by 241?
226
Calculate the remainder when 1395 is divided by 280.
275
What is the remainder when 521 is divided by 17?
11
Calculate the remainder when 7430 is divided by 52.
46
Calculate the remainder when 450 is divided by 50.
0
Calculate the remainder when 8931 is divided by 308.
307
Calculate the remainder when 203 is divided by 4.
3
Calculate the remainder when 130 is divided by 19.
16
Calculate the remainder when 392 is divided by 131.
130
What is the remainder when 1783 is divided by 40?
23
What is the remainder when 476 is divided by 237?
2
Calculate the remainder when 424 is divided by 24.
16
What is the remainder when 3006 is divided by 29?
19
Calculate the remainder when 1215 is divided by 213.
150
Calculate the remainder when 156 is divided by 120.
36
Calculate the remainder when 123 is divided by 18.
15
What is the remainder when 782 is divided by 53?
40
Calculate the remainder when 293 is divided by 45.
23
What is the remainder when 588 is divided by 27?
21
Calculate the remainder when 68 is divided by 60.
8
Calculate the remainder when 500 is divided by 23.
17
Calculate the remainder when 322 is divided by 110.
102
Calculate the remainder when 6053 is divided by 8.
5
What is the remainder when 3858 is divided by 1284?
6
Calculate the remainder when 1041 is divided by 151.
135
What is the remainder when 73 is divided by 53?
20
What is the remainder when 802 is divided by 12?
10
Calculate the remainder when 59 is divided by 1